 g(f) = -5*f**3 - f**2 + 13*f + 24. What are the prime factors of g(r)?
2, 3, 23
List the prime factors of 7/(-392)*-28*(-3)/((-3)/21962).
79, 139
Suppose -267*u + 3923493 + 15939972 = 0. List the prime factors of u.
5, 14879
Suppose 99*b = 95*b - 2080. Let a = 868 + b. What are the prime factors of a?
2, 3, 29
Let x(u) = 314*u**2 - u - 63. List the prime factors of x(-6).
3, 23, 163
Let n(j) = 5*j + 2. Let r be n(0). Suppose 5*q = -2*h + h + 266, -r*h - q = -550. What are the prime factors of h?
2, 3, 23
Let d be (1375/50)/(2/104). Let k = -961 + d. What are the prime factors of k?
7, 67
Suppose 5*h - 937 = -5*a - 3122, 1306 = -3*h - 4*a. Let b be (-1 - 210)/(145/435). Let r = h - b. What are the prime factors of r?
191
Let g be (-27)/15 + 1 - (-14112)/15. Suppose -p = 9*p - g. What are the prime factors of p?
2, 47
Let k(w) = -228*w**3 - 2*w**2 + 34*w + 269. List the prime factors of k(-7).
78137
Let u(h) = 83*h + 170. Let z(d) = -2*d**3 - 26*d**2 + 30*d + 43. Let i be z(-14). What are the prime factors of u(i)?
5, 283
Let i be 798 + (-1)/(9/72). Let f = -689 + i. What are the prime factors of f?
101
Let w(q) = -112*q**3 + 5*q**2 + 3*q + 21. What are the prime factors of w(-5)?
13, 1087
Suppose -14*s + 600 = -4*s. Let m = 62 - s. Suppose -m*c = -6*c + 248. What are the prime factors of c?
2, 31
Let n be 64192/22 + 46/253. Suppose -13*i - 3*f + n = -8*i, f + 1176 = 2*i. List the prime factors of i.
2, 293
Let j = 161 + -118. Suppose 4*k = b - 169 - j, 0 = k - b + 50. What are the prime factors of 4*3/k - 2956/(-18)?
2, 41
Suppose 3*h + 88 = -4*j, 21 = -j + 4*h - 20. Let c be (-85)/25 - 10/j. What are the prime factors of (c + (-5)/3)*-3?
2, 7
Suppose 0 = -u - i + 10, 3*u + 2*i - 29 = -1. Suppose 0 = z - 7 + u. List the prime factors of (116/(-8)*2)/z*1.
29
Suppose 142*b = 139*b - 342. Let w = b - -550. What are the prime factors of w?
2, 109
Suppose 15*n + 7571 = 17*n + 49. What are the prime factors of n?
3761
Suppose 4*m + 16*m = 14*m + 816. Let w = 85 - 49. Let n = m + w. List the prime factors of n.
2, 43
Let w(q) = 65*q**2 - 5*q - 17. Let o be w(-4). Suppose -f = k - 211, -k - o = -10*f + 5*f. What are the prime factors of f?
11, 19
Let q(k) = 892*k + 921. List the prime factors of q(13).
12517
Suppose 0 = 33*s + 16376 - 268496. What are the prime factors of s?
2, 5, 191
Let k be 356/(-40) + (-1)/10. List the prime factors of (421/(-3))/(1/k).
3, 421
Let c(v) = 10*v**3 - 15*v**2 + 128*v + 16. What are the prime factors of c(9)?
7243
Let g(k) = -28*k + 2603. What are the prime factors of g(-17)?
3079
Let p be (3 - 16 - 2)*(-5)/25. Suppose -p*z + 490 + 1061 = 0. What are the prime factors of z?
11, 47
Suppose 5*q + 18846 = 2*b, -4*b + 3*q + 13461 = -24189. What are the prime factors of b?
2, 3, 7
Let t be ((-4 - -4) + -9)*13. Let z = t + -15. Let h = -75 - z. What are the prime factors of h?
3, 19
What are the prime factors of 6765 + (-11)/22*-40?
5, 23, 59
Suppose 8*s + 1152 = -8*s. Let r = 147 + s. List the prime factors of r.
3, 5
Suppose -15930 = 21*l - 24*l. List the prime factors of (l/(-24))/3*-4.
5, 59
Suppose 255*m = 260*m - 75. Let x(n) = 5*n**2 - 25*n + 109. What are the prime factors of x(m)?
859
Suppose -4*c + 4*s = 20, -3*s + 7 = 16*c - 18*c. List the prime factors of 7083/13 - c/52.
5, 109
Let c be (13/39)/((-3)/54*-3). Suppose 2*r = 4*g + 458, -3*g + 5*g = c*r - 450. What are the prime factors of r?
13, 17
Suppose z - 3*z + i = 3215, 3*z - 4*i + 4835 = 0. Let q = z - -2851. What are the prime factors of q?
2, 7, 89
Let v = 25 - 35. List the prime factors of -3 - v/(7 - 2) - -267.
2, 7, 19
Let s be 119/9 + (-32)/144. Suppose -s*h + 8*h = -1485. What are the prime factors of h?
3, 11
Suppose 3*f = -4*r + 2, -3*r + 3*f = r + 10. Let m be (-124)/((-16)/(-4))*r. Suppose 148 = -29*o + m*o. What are the prime factors of o?
2, 37
Let n be (-2)/(-12)*44*-3. Let d be (536/5)/(-2) - (-6)/(-15). Let r = n - d. What are the prime factors of r?
2
Let j = -219 + 221. List the prime factors of (-3 - (-142)/4)*(j - 0).
5, 13
Let q = 354 - 351. Suppose 10*s - 12*s + u + 535 = 0, 0 = q*s - 4*u - 805. List the prime factors of s.
3, 89
What are the prime factors of 1280064/(-6608)*(-406)/4?
2, 3, 29, 113
Let y(r) = 12655*r - 72. What are the prime factors of y(2)?
2, 12619
Let f(p) = 2*p**2 - 7*p - 11. Let k be f(5). Suppose 5*h - 4392 = -k*h. List the prime factors of h.
2, 61
Let o(l) = 214*l - 2. Let d = -10 + 12. Let c be o(d). Suppose -7*i = -i - c. What are the prime factors of i?
71
Let u be 1168/10 + (-1)/(-5). Let b be u + (40/15 - 2/(-6)). Suppose 0*x + 3*k = x - b, 0 = x - k - 112. What are the prime factors of x?
2, 3
Suppose 5*h - 2*m - 26 = 0, 4*h = -0*h + m + 19. Let v(d) = 78*d**2 + d + 8. List the prime factors of v(h).
2, 3, 5, 7
Let s be 48/(-264) + 9478/(-22). Let m = 944 + s. What are the prime factors of m?
3, 19
Suppose 12*b - 85 = 35. Suppose -9*f - b*f + 19247 = 0. What are the prime factors of f?
1013
Suppose -4*w = 4*d + 16, 5*w = 8*d - 11*d - 10. Let o(l) = -l**3 - 6*l**2 - 3*l + 1. Let p be o(d). List the prime factors of 4/18 - 1141/p.
127
Let p be (-2)/(-3) + 175/75. Suppose 3*q + 5*h = 4*q - 345, 0 = -p*q - 3*h + 1035. What are the prime factors of q?
3, 5, 23
Suppose 75*k = 78*k - 18. Suppose k*q - 4180 = -4*q. What are the prime factors of q?
2, 11, 19
Suppose -6*j + 99 = 3. Let k(b) = -b**2 + 15*b + 15. Let n be k(j). List the prime factors of -83*(-1)/(-1)*n.
83
Let k(v) = 66*v**2 - 3*v - 27. List the prime factors of k(11).
2, 3, 1321
Let o be (615/(-20))/((-2)/8). Suppose 5*w + 4*n = 20, -3*w - 6 - 4 = -2*n. Suppose w = 39*h - 40*h + o. What are the prime factors of h?
3, 41
Let v = 737 - 699. Suppose 0 = -v*z + 47*z - 6012. What are the prime factors of z?
2, 167
Let z(o) = 2*o**3 - 3*o**2 + o. Suppose -2*h + 19 = f - 4*f, -2*h = -f - 9. List the prime factors of z(h).
2, 3
Let c(l) = l**3 + 15*l**2 + 44*l - 20. Let s be c(-11). List the prime factors of (1785/(-25) + (7 - 2))*s.
2, 83
Suppose 4*a + 260 = 236. Let d be 4/(-12)*a + 23. List the prime factors of 937/5 - (-1 - (-35)/d).
11, 17
Suppose 0 = -3*u + 4*u - 4*n, -5*u + 3*n + 17 = 0. Suppose 4*h + 276 = u*t, -t + 3*h + 0*h + 65 = 0. Let j = t + 70. What are the prime factors of j?
3, 47
Let z(g) = -7*g - 129. Let n be z(-19). Suppose -n*l - b = -6*b - 92, -3*l - 4*b = -38. List the prime factors of l.
2, 3
Let l(j) = j**3 - 7*j**2 + 6*j + 5. Let d be l(6). Suppose w + 2*w + 32 = u, -5*u - d*w = -80. Suppose -4*t + 96 = -u. List the prime factors of t.
29
Let m = 569 - 562. Suppose 12616 = x + m*x. List the prime factors of x.
19, 83
Suppose 3*i + 15095 = 2*c - 6683, 2*i - 43588 = -4*c. List the prime factors of c.
5, 2179
Suppose -2*m = l + 129, -m + 132 = -3*m - 2*l. Let a = 181 - m. List the prime factors of a.
2, 61
Let i(q) = 31*q**2 + 4*q - 6. Suppose -4*h - 38 = 6. Let a(p) = -93*p**2 - 11*p + 18. Let v(n) = h*i(n) - 4*a(n). What are the prime factors of v(3)?
3, 7, 13
Suppose -2*n + 5*n = -5*c + 55, 3*c - 19 = n. Suppose 10*x = -c + 58. Suppose x*l - 75 = 5. List the prime factors of l.
2
Suppose -3*a - 5*v = -1030, -99*a - 1028 = -102*a - 4*v. Suppose 3*l - 24 = -0. Suppose a = l*y - 4*y. List the prime factors of y.
5, 17
Suppose 4*h = h - 2*t + 14, 0 = -2*h - 4*t - 4. Let g(l) = -15 + 13 - h - 20*l. What are the prime factors of g(-3)?
2, 5
Let k(t) = t**2 + 4*t - 10. Let i be k(2). List the prime factors of ((-204)/(-12))/(i/28).
2, 7, 17
Let h be (3/4)/((-1)/(-4)). Suppose -5 - 19 = -6*g. Suppose 0 = -5*u + g*f + 271, h*u + 3*f + 0*f = 141. What are the prime factors of u?
3, 17
Suppose -4*p + 647 = -4*r - 5*p, -4*p - 656 = 4*r. Let h = r - -189. List the prime factors of h.
2, 7
Let r = -23 - -27. Suppose 0 = -p - r*n + 304, 2*n = -3*p - n + 876. Suppose 0 = -x, 2*x - 44 = 4*f - p. What are the prime factors of f?
61
Suppose 2*t - 7044 = -t. Suppose -12*p = -500 + t. What are the prime factors of p/(-8) - (-1 + 15/12)?
19
Let b(w) = 79*w**2 + 23*w + 250. List the prime factors of b(32).
2, 3, 4549
Suppose -131*u + 4*x - 245127 = -134*u, 2*x + 6 = 0. List the prime factors of u.
41, 1993
Let c(s) = 700*s + 2996. List the prime factors of c(38).
2, 7, 151
Let b(w) = 98*w**2 + 4*w + 2. Suppose 0 = -4*s - 185 - 63. Let q = 61 + s. Lis